ors of i(y)?
5
Suppose 0 = 4*c - 31 - 57. What are the prime factors of c?
2, 11
Suppose 2*m + 4*v - 5 + 3 = 0, 0 = -3*m + v - 4. Let g = m + 3. Suppose 0 = 4*p + 5*z - 87, g*z = -4*p - 29 + 107. List the prime factors of p.
2, 3
Let q(u) = -6*u - 4. What are the prime factors of q(-4)?
2, 5
Suppose -2*r = -3*r + 12. What are the prime factors of r?
2, 3
Let a(x) = 3*x - x + 0*x. Let v = -38 + 40. What are the prime factors of a(v)?
2
List the prime factors of (-1)/(21/6 + -4).
2
Let n(q) = -q**2 - 10*q + 255. What are the prime factors of n(0)?
3, 5, 17
Suppose l = 5*s + 13, 5*s = 3*l - 26 + 7. Suppose l*w - 24 = 2*t, 1 = t - 2. List the prime factors of w.
2, 5
Suppose -5*c - 77 = -2*j, 0 = 5*j - 5*c - 58 - 112. What are the prime factors of j?
31
Let y(w) = 2*w**3 - w**2 + 1. Let l be y(1). Suppose l*x + 15 = 3*x. List the prime factors of x.
3, 5
Let n be 1*-19 + (-3 - -2). Let y = -67 + 37. Let v = n - y. List the prime factors of v.
2, 5
Let z(h) = -h + 4. Let t be z(0). Let w be 64/12*9/t. Let d = 25 - w. List the prime factors of d.
13
Suppose -r = 2*h - 2*r - 438, -4*r = 8. What are the prime factors of h?
2, 109
Suppose -2*m - 3*m + 15 = 0, 5*d + 2*m = 231. What are the prime factors of d?
3, 5
Let c = 5 + -1. Let n = -98 - -138. Suppose 3*k - 20 = -c*f, -k + 4*f = k - n. What are the prime factors of k?
2, 3
Suppose 0 = 3*g - 7 - 2. Suppose g*o - 23 = 19. What are the prime factors of o?
2, 7
Suppose -3*x + 5*x - 6 = 0. Suppose -5*t + x*c + 17 = 0, t = -3*c + 6 + 1. Suppose -4*g - t*w = -20 - 36, 3*g = 3*w + 48. What are the prime factors of g?
3, 5
Suppose 0*h + 2*d = -2*h + 46, 3*h = -5*d + 71. List the prime factors of h.
2, 11
Let g(c) = 10*c**2 + 3*c - 4. What are the prime factors of g(-5)?
3, 7, 11
Suppose l + 19 = 2*q - 4*l, 4*q + 5*l + 7 = 0. Suppose 0*h - 2*j = -q*h + 22, 5*h - 3*j = 59. What are the prime factors of h?
13
Let o = 68 + -18. List the prime factors of o.
2, 5
Suppose -w - 2*w - 15 = -3*g, 4*w = 5*g - 18. Let u(s) = 2*s**2 + 9*s + 9. Let n be u(w). Suppose -2*d - 2*d + n = 0. List the prime factors of d.
11
Let f(y) be the first derivative of y**4/4 - y**3 - 3*y**2 + 2*y + 2. List the prime factors of f(5).
2, 11
Suppose -6*j + 2*j + 19 = 3*k, -2*k - 2*j + 10 = 0. Suppose -29 - k = -3*y. What are the prime factors of y?
2, 5
Let x = -6 + 10. Let r = 1 + x. Suppose 4 = -r*n + 24. List the prime factors of n.
2
Suppose 2*a - 10 = -3*w, -4*a + 4*w - 2 = -a. Suppose -14 = -d - a. What are the prime factors of ((-28)/d)/((-2)/6)?
7
What are the prime factors of (-5)/4 + 3/(-4) - -107?
3, 5, 7
Suppose -9 = 5*k - 29. Let o be (-24)/8 + 1 + 2. Suppose -2*y + k + 14 = o. What are the prime factors of y?
3
Let w be (-24)/(-16) - 2/(-4). Suppose -w*j - 4*u = 10, -4*j - u - 3*u - 40 = 0. Let m = j + 21. What are the prime factors of m?
2, 3
Let m = -13 + 18. Suppose -3*q - 1 = -4*q, w - 4*q - m = 0. List the prime factors of w.
3
Let o(n) = 0*n**2 - n + 3*n**2 + 4*n**3 - 2 - 3*n**3. Suppose 0 = 4*l + 5*q + 3, -2 = 2*l - 2*q + 4*q. List the prime factors of o(l).
2
Let r(a) = -a**3 + 5*a**2 + 6*a + 2. Let d(b) = b + 17. Let p be d(-7). Let u(s) = s**2 - 9*s - 4. Let q be u(p). List the prime factors of r(q).
2
Suppose -2*z + 1 + 9 = 0. Let p be 18/8 + z/(-20). Suppose -r = -p - 2. List the prime factors of r.
2
Let m(c) = 3*c + 1. Let y be m(1). What are the prime factors of (-7 + y)/(3/(-22))?
2, 11
Let h(r) be the second derivative of 5*r**3/6 + 3*r**2 - 2*r. Let k be h(6). Suppose 4*p = -4*f + 36, 0*p + 5*p + 2*f - k = 0. List the prime factors of p.
2, 3
Let l(o) = -o - 6. Let a(n) = -n**3 + 5*n**2 - 2*n - 3. Let m be a(4). Let h = m - 13. List the prime factors of l(h).
2
Suppose -5*v = m - 16, 5*m + 0*m = 3*v - 60. Let d(a) = -a**3 - 9*a**2 - 5*a - 9. What are the prime factors of d(m)?
2, 3
Let g(o) be the first derivative of -o**5/120 - 2*o**3/3 + 1. Let y(k) be the third derivative of g(k). List the prime factors of y(-6).
2, 3
Suppose -2*b = b - 90. Suppose 0 = -0*d + d - 3. Suppose -d*m + 0*m = -b. List the prime factors of m.
2, 5
Let y = -7 + 10. List the prime factors of 0 - -19 - 0/y.
19
Suppose 0 = -y, 0*y - 144 = -4*j + y. Suppose 4*s + 24 + 12 = 4*r, 2*s = 4*r - j. What are the prime factors of r?
3
List the prime factors of 0 - -4 - (1 + 0).
3
Suppose 6*u - 10*u + 184 = 0. List the prime factors of u.
2, 23
What are the prime factors of (-4)/(-6) + (-230)/(-15)?
2
Let q(y) = -y**3 + 4*y**2 + 6*y + 1. Let v be q(5). Suppose -3*s = v - 18. What are the prime factors of s?
2
Suppose 2*r = 4*r + 22. Let a(t) = -5*t - 14. What are the prime factors of a(r)?
41
Let u(h) = -11*h - 39. Let c(b) = -5*b - 19. Let m(f) = -13*c(f) + 6*u(f). List the prime factors of m(8).
5
Let m(t) = -6*t - 10. Let l = 15 - 20. What are the prime factors of m(l)?
2, 5
Let s be -3 - (3 - (-10)/(-1)). Suppose 2*v - 3 = 3*q - 2, 17 = -q + s*v. What are the prime factors of q?
3
Suppose -z - 9 = -4. Let v be z/(-5) + -5*1. List the prime factors of (-4 - -6)*(-6)/v.
3
Let m = -21 + 42. Let c be 2/3 - 264/(-9). Let p = c - m. What are the prime factors of p?
3
Suppose 5*a + 35 = 2*z, -2*a = 5*z + 3*a - 70. Let r(y) = y - 5. Let k be r(0). What are the prime factors of (-2)/k + 24/z?
2
Suppose 0 = -3*l + 3*p - 12, -p + 9 = 3*l + 3*p. Let w be (-2)/l*(-2 + -1). Let i = w + 17. List the prime factors of i.
11
Let k be ((-2)/1)/(2 - 4). Suppose 2*u - 3*g = k, -5 = -2*u + 2*g - 1. Suppose -h + u*h - 5*q - 58 = 0, -64 = -5*h + 2*q. What are the prime factors of h?
2, 3
Let d(l) = 2*l**2 - 2*l. Suppose 0 = -c - 0 - 2. Let o be d(c). Suppose 2*w = w + o. List the prime factors of w.
2, 3
Let a be 1/2*-6*1. Let c = -4 - a. What are the prime factors of (-2 + 2*-2)/c?
2, 3
Let u(y) = y**3 - 2*y**2 - y + 35. List the prime factors of u(0).
5, 7
Let w be (-4)/(-3)*(-39)/(-2). Suppose -40*z + 42 = -37*z. Let n = w - z. What are the prime factors of n?
2, 3
Let s(k) = -4*k - 9. Let d(j) = 8*j + 18. Let x(n) = 3*d(n) + 7*s(n). What are the prime factors of x(-7)?
19
Let p be 1 - (-1*20)/1. Suppose -6*r + r = -5*n - 5, 3*n = -3*r + p. List the prime factors of r*((-9)/(-2) + -2).
2, 5
Let g(j) = 10*j - 4. What are the prime factors of g(14)?
2, 17
Let g be -26 + 1/((-4)/4). Let l = g + 50. What are the prime factors of l?
23
Let g(u) be the third derivative of -u**4/24 + u**3 - u**2. List the prime factors of g(-5).
11
Suppose -4*q + 22 - 2 = 0. Let a = 6 + -9. Let w = q + a. What are the prime factors of w?
2
Let i(a) = -a - 3. Let h be i(-5). Suppose 2*c + h*c = 0. Suppose 2*z + c*p = -3*p + 13, 3*z = -2*p + 32. What are the prime factors of z?
2, 7
Let q = 57 + 48. List the prime factors of q.
3, 5, 7
Let x = -10 - -22. Let o be (-40)/12*(-27)/15. Let n = x - o. What are the prime factors of n?
2, 3
Let m be -3 + 3 + 2 + 3. Suppose -b + 106 = b - m*z, 0 = -3*b + 4*z + 152. Suppose y = -3*p + 26, -4*y = 2*p + 2*p - b. What are the prime factors of p?
7
Suppose 0 = 3*l + 3. Let a be (l/(-3))/((-2)/(-36)). List the prime factors of 2*(15/a - 0).
5
Suppose 4*r = -2*k + 24, 4*r = k - 7 + 1. What are the prime factors of k?
2, 5
Let a(z) = 3*z**2 - 5. Let h be a(4). Let q = -10 + h. What are the prime factors of q?
3, 11
Let o = -2 - -7. Let r(x) = -x**2 + 8*x - 5. What are the prime factors of r(o)?
2, 5
Suppose h + 79 = -4*w, -233 + 27 = 2*h - 4*w. What are the prime factors of (-32)/40*h/2?
2, 19
Suppose 3*f + 46 = 2*m, -3*m + 74 = -0*m - 2*f. List the prime factors of m.
2, 13
Let r = -6 - -9. List the prime factors of r.
3
Suppose 50 = 2*q + 2*z, z + 87 = -0*q + 3*q. What are the prime factors of q?
2, 7
Let g(d) = 6*d**2 - 2*d + 1. List the prime factors of g(1).
5
Suppose 0*f + 1127 = 3*n - 4*f, 0 = -3*n + 3*f + 1131. List the prime factors of n.
3, 127
Let b be ((2 - -22)*-1)/(-1). Let f = -7 + b. Suppose -4*x + 11 = -f. List the prime factors of x.
7
Let v = -13 - -18. Suppose -v*r = -3 - 7. Suppose r*y = -5*l + 12, 3*y + 0 + 1 = 2*l. What are the prime factors of l?
2
Let a(p) = -p**3 + 14*p**2 - 11*p - 1. List the prime factors of a(13).
5
Let j(i) = 3*i**2 - 2*i + 4. What are the prime factors of j(3)?
5
Let i(s) = -s**3 - 2*s**2 + 2*s + 3. Let f be i(-3). Let u = -3 - -2. Let n = f + u. What are the prime factors of n?
5
Let b be ((-18)